{"id":33,"date":"2015-10-07T19:37:36","date_gmt":"2015-10-07T18:37:36","guid":{"rendered":"http:\/\/www.gasthoflutz.de\/?page_id=33"},"modified":"2026-03-05T07:46:59","modified_gmt":"2026-03-05T06:46:59","slug":"gasthof","status":"publish","type":"page","link":"http:\/\/www.gasthoflutz.de\/index.php\/gasthof\/","title":{"rendered":"Essen &#038; Trinken"},"content":{"rendered":"<p>Unsere Speisekarte bietet traditionell fr\u00e4nkische K\u00fcche wie fr\u00e4nkisches Hochzeitsessen, Ochzenzunge in Madeiraso\u00dfe, Sauerbraten oder Sch\u00e4ufele.<\/p>\n<p><strong>Wochen- und Monatskarte<\/strong><\/p>\n<p><strong>saisonelle Gerichte<\/strong><br \/>\nfr\u00e4nkischer Spargel<br \/>\nFrische Pfifferlinge\/Steinpilze<br \/>\nWild aus der Gegend<br \/>\n1\/2 Ente im Herbst<br \/>\nFischwochen<br \/>\nSteackwochen<\/p>\n<p>dazu vegetarische Gerichte und Fisch<\/p>\n<p><strong>t\u00e4glich wechselndes Tagesgericht<\/strong><\/p>\n<p><strong>Montag:<\/strong> K\u00fcche geschlossen, Hotelanreise ist trotzdem bis 20 Uhr m\u00f6glich<\/p>\n<p><strong>Dienstag &#8222;Schnitzeltag&#8220;:<\/strong> Schnitzel mit Pommes und Salat ab 7,90 Euro (Putenschnitzel 8,90 Euro)<\/p>\n<p><strong>Mittwoch &#8222;Frisch aus dem Ofen&#8220;:<\/strong> Fr\u00e4nkische Sch\u00e4ufele inkl. 2 Kartoffelkn\u00f6del und Salat f\u00fcr 13,50 Euro<\/p>\n<p><strong>Donnerstag &#8222;Alles K\u00e4se&#8220;:<\/strong> verschiedene Gerichte mit K\u00e4se \u00fcberbacken ab 7,90 Euro (Putenschnitzel 8,90 Euro)<\/p>\n<hr \/>\n<p><strong>AKTUELLE SPEISEKARTE<\/strong><\/p>\n<p><a href=\"http:\/\/www.gasthoflutz.de\/wp-content\/uploads\/2026\/03\/Speisekarte2026-1.pdf\" target=\"_blank\" rel=\"noopener noreferrer\" data-wp-editing=\"1\"><img loading=\"lazy\" decoding=\"async\" class=\"alignnone wp-image-225 size-full\" src=\"http:\/\/www.gasthoflutz.de\/wp-content\/uploads\/2015\/11\/peisekarte-klein.jpg\" alt=\"peisekarte-klein\" width=\"400\" height=\"285\" srcset=\"http:\/\/www.gasthoflutz.de\/wp-content\/uploads\/2015\/11\/peisekarte-klein.jpg 400w, http:\/\/www.gasthoflutz.de\/wp-content\/uploads\/2015\/11\/peisekarte-klein-300x214.jpg 300w\" sizes=\"auto, (max-width: 400px) 100vw, 400px\" \/><\/a><\/p>\n<p><strong>AKTUELLE GETR\u00c4NKEKARTE<\/strong><\/p>\n<p><a href=\"http:\/\/www.gasthoflutz.de\/wp-content\/uploads\/2025\/06\/Getraenkekarte-2025-6.pdf\" target=\"_blank\" rel=\"noopener noreferrer\" data-wp-editing=\"1\"><img loading=\"lazy\" decoding=\"async\" class=\"alignnone wp-image-337\" src=\"http:\/\/www.gasthoflutz.de\/wp-content\/uploads\/2019\/04\/gertr\u00e4nke-screen-1024x729.jpg\" alt=\"\" width=\"400\" height=\"285\" srcset=\"http:\/\/www.gasthoflutz.de\/wp-content\/uploads\/2019\/04\/gertr\u00e4nke-screen-1024x729.jpg 1024w, http:\/\/www.gasthoflutz.de\/wp-content\/uploads\/2019\/04\/gertr\u00e4nke-screen-300x214.jpg 300w, http:\/\/www.gasthoflutz.de\/wp-content\/uploads\/2019\/04\/gertr\u00e4nke-screen-768x547.jpg 768w, http:\/\/www.gasthoflutz.de\/wp-content\/uploads\/2019\/04\/gertr\u00e4nke-screen.jpg 1200w\" sizes=\"auto, (max-width: 400px) 100vw, 400px\" \/><\/a><\/p>\n<p><strong>AKTUELLE EISKARTE<\/strong><\/p>\n<p><a href=\"http:\/\/www.gasthoflutz.de\/wp-content\/uploads\/2024\/01\/Eiskarte-01-24.png\" target=\"_blank\" rel=\"noopener\"><img loading=\"lazy\" decoding=\"async\" class=\"alignnone wp-image-521\" src=\"http:\/\/www.gasthoflutz.de\/wp-content\/uploads\/2024\/01\/Eiskarte-01-24-300x155.png\" alt=\"\" width=\"500\" height=\"258\" srcset=\"http:\/\/www.gasthoflutz.de\/wp-content\/uploads\/2024\/01\/Eiskarte-01-24-300x155.png 300w, http:\/\/www.gasthoflutz.de\/wp-content\/uploads\/2024\/01\/Eiskarte-01-24-1024x529.png 1024w, http:\/\/www.gasthoflutz.de\/wp-content\/uploads\/2024\/01\/Eiskarte-01-24-768x396.png 768w, http:\/\/www.gasthoflutz.de\/wp-content\/uploads\/2024\/01\/Eiskarte-01-24-1536x793.png 1536w, http:\/\/www.gasthoflutz.de\/wp-content\/uploads\/2024\/01\/Eiskarte-01-24.png 1579w\" sizes=\"auto, (max-width: 500px) 100vw, 500px\" \/><\/a><\/p>\n<p>&nbsp;<\/p>\n","protected":false},"excerpt":{"rendered":"<p>Unsere Speisekarte bietet traditionell fr\u00e4nkische K\u00fcche wie fr\u00e4nkisches Hochzeitsessen, Ochzenzunge in Madeiraso\u00dfe, Sauerbraten oder Sch\u00e4ufele. Wochen- und Monatskarte saisonelle Gerichte fr\u00e4nkischer Spargel Frische Pfifferlinge\/Steinpilze Wild aus der Gegend 1\/2 Ente im Herbst Fischwochen Steackwochen dazu vegetarische Gerichte und Fisch t\u00e4glich<\/p>\n","protected":false},"author":1,"featured_media":216,"parent":0,"menu_order":0,"comment_status":"closed","ping_status":"closed","template":"","meta":{"footnotes":""},"class_list":["post-33","page","type-page","status-publish","has-post-thumbnail","hentry"],"_links":{"self":[{"href":"http:\/\/www.gasthoflutz.de\/index.php\/wp-json\/wp\/v2\/pages\/33","targetHints":{"allow":["GET"]}}],"collection":[{"href":"http:\/\/www.gasthoflutz.de\/index.php\/wp-json\/wp\/v2\/pages"}],"about":[{"href":"http:\/\/www.gasthoflutz.de\/index.php\/wp-json\/wp\/v2\/types\/page"}],"author":[{"embeddable":true,"href":"http:\/\/www.gasthoflutz.de\/index.php\/wp-json\/wp\/v2\/users\/1"}],"replies":[{"embeddable":true,"href":"http:\/\/www.gasthoflutz.de\/index.php\/wp-json\/wp\/v2\/comments?post=33"}],"version-history":[{"count":48,"href":"http:\/\/www.gasthoflutz.de\/index.php\/wp-json\/wp\/v2\/pages\/33\/revisions"}],"predecessor-version":[{"id":587,"href":"http:\/\/www.gasthoflutz.de\/index.php\/wp-json\/wp\/v2\/pages\/33\/revisions\/587"}],"wp:featuredmedia":[{"embeddable":true,"href":"http:\/\/www.gasthoflutz.de\/index.php\/wp-json\/wp\/v2\/media\/216"}],"wp:attachment":[{"href":"http:\/\/www.gasthoflutz.de\/index.php\/wp-json\/wp\/v2\/media?parent=33"}],"curies":[{"name":"wp","href":"https:\/\/api.w.org\/{rel}","templated":true}]}}