{"id":51,"date":"2015-10-08T08:30:02","date_gmt":"2015-10-08T07:30:02","guid":{"rendered":"http:\/\/www.gasthoflutz.de\/?page_id=51"},"modified":"2020-07-07T19:50:28","modified_gmt":"2020-07-07T18:50:28","slug":"saal-seminarraume","status":"publish","type":"page","link":"http:\/\/www.gasthoflutz.de\/index.php\/saal-seminarraume\/","title":{"rendered":"Saal &#038; Seminarr\u00e4ume"},"content":{"rendered":"<p><strong>Gartensaal f\u00fcr bis zu 60 Personen:<\/strong><\/p>\n<p><img loading=\"lazy\" decoding=\"async\" class=\"alignnone wp-image-132 size-large\" src=\"http:\/\/www.gasthoflutz.de\/wp-content\/uploads\/2015\/10\/PICT4729-1024x681.jpg\" alt=\"Gartensaal\" width=\"750\" height=\"499\" srcset=\"http:\/\/www.gasthoflutz.de\/wp-content\/uploads\/2015\/10\/PICT4729-1024x681.jpg 1024w, http:\/\/www.gasthoflutz.de\/wp-content\/uploads\/2015\/10\/PICT4729-300x199.jpg 300w\" sizes=\"auto, (max-width: 750px) 100vw, 750px\" \/><\/p>\n<p><a href=\"http:\/\/www.gasthoflutz.de\/wp-content\/uploads\/2015\/10\/PICT4736.jpg\"><img loading=\"lazy\" decoding=\"async\" class=\"alignnone wp-image-133 size-large\" src=\"http:\/\/www.gasthoflutz.de\/wp-content\/uploads\/2015\/10\/PICT4736-1024x681.jpg\" alt=\"Gartensaal 2\" width=\"750\" height=\"499\" srcset=\"http:\/\/www.gasthoflutz.de\/wp-content\/uploads\/2015\/10\/PICT4736-1024x681.jpg 1024w, http:\/\/www.gasthoflutz.de\/wp-content\/uploads\/2015\/10\/PICT4736-300x199.jpg 300w\" sizes=\"auto, (max-width: 750px) 100vw, 750px\" \/><\/a><\/p>\n<hr \/>\n<p><strong>Gro\u00dfer Saal f\u00fcr bis zu 200 Personen:<\/strong><\/p>\n<p><a href=\"http:\/\/www.gasthoflutz.de\/wp-content\/uploads\/2020\/07\/IMG_20200707_080240-scaled.jpg\"><img loading=\"lazy\" decoding=\"async\" class=\"size-large wp-image-386 alignnone\" src=\"http:\/\/www.gasthoflutz.de\/wp-content\/uploads\/2020\/07\/IMG_20200707_080240-1024x768.jpg\" alt=\"\" width=\"750\" height=\"563\" srcset=\"http:\/\/www.gasthoflutz.de\/wp-content\/uploads\/2020\/07\/IMG_20200707_080240-1024x768.jpg 1024w, http:\/\/www.gasthoflutz.de\/wp-content\/uploads\/2020\/07\/IMG_20200707_080240-300x225.jpg 300w, http:\/\/www.gasthoflutz.de\/wp-content\/uploads\/2020\/07\/IMG_20200707_080240-768x576.jpg 768w, http:\/\/www.gasthoflutz.de\/wp-content\/uploads\/2020\/07\/IMG_20200707_080240-1536x1152.jpg 1536w, http:\/\/www.gasthoflutz.de\/wp-content\/uploads\/2020\/07\/IMG_20200707_080240-2048x1536.jpg 2048w\" sizes=\"auto, (max-width: 750px) 100vw, 750px\" \/><\/a> <a href=\"http:\/\/www.gasthoflutz.de\/wp-content\/uploads\/2020\/07\/IMG_20200707_080145-scaled.jpg\"><img loading=\"lazy\" decoding=\"async\" class=\"size-large wp-image-387 alignnone\" src=\"http:\/\/www.gasthoflutz.de\/wp-content\/uploads\/2020\/07\/IMG_20200707_080145-1024x768.jpg\" alt=\"\" width=\"750\" height=\"563\" srcset=\"http:\/\/www.gasthoflutz.de\/wp-content\/uploads\/2020\/07\/IMG_20200707_080145-1024x768.jpg 1024w, http:\/\/www.gasthoflutz.de\/wp-content\/uploads\/2020\/07\/IMG_20200707_080145-300x225.jpg 300w, http:\/\/www.gasthoflutz.de\/wp-content\/uploads\/2020\/07\/IMG_20200707_080145-768x576.jpg 768w, http:\/\/www.gasthoflutz.de\/wp-content\/uploads\/2020\/07\/IMG_20200707_080145-1536x1152.jpg 1536w, http:\/\/www.gasthoflutz.de\/wp-content\/uploads\/2020\/07\/IMG_20200707_080145-2048x1536.jpg 2048w\" sizes=\"auto, (max-width: 750px) 100vw, 750px\" \/><\/a><\/p>\n<hr \/>\n<p><strong>Nebenzimmer\u00a0f\u00fcr bis zu 30\u00a0Personen:<\/strong><\/p>\n<p><a href=\"http:\/\/www.gasthoflutz.de\/wp-content\/uploads\/2015\/10\/DSCN1570.jpg\"><img loading=\"lazy\" decoding=\"async\" class=\"alignnone wp-image-130 size-large\" src=\"http:\/\/www.gasthoflutz.de\/wp-content\/uploads\/2015\/10\/DSCN1570-1024x768.jpg\" alt=\"Nebenzimmer\" width=\"750\" height=\"563\" srcset=\"http:\/\/www.gasthoflutz.de\/wp-content\/uploads\/2015\/10\/DSCN1570-1024x768.jpg 1024w, http:\/\/www.gasthoflutz.de\/wp-content\/uploads\/2015\/10\/DSCN1570-300x225.jpg 300w, http:\/\/www.gasthoflutz.de\/wp-content\/uploads\/2015\/10\/DSCN1570.jpg 2048w\" sizes=\"auto, (max-width: 750px) 100vw, 750px\" \/><\/a><\/p>\n<p>&nbsp;<\/p>\n","protected":false},"excerpt":{"rendered":"<p>Gartensaal f\u00fcr bis zu 60 Personen: Gro\u00dfer Saal f\u00fcr bis zu 200 Personen: Nebenzimmer\u00a0f\u00fcr bis zu 30\u00a0Personen: &nbsp;<\/p>\n","protected":false},"author":1,"featured_media":215,"parent":0,"menu_order":0,"comment_status":"closed","ping_status":"closed","template":"","meta":{"footnotes":""},"class_list":["post-51","page","type-page","status-publish","has-post-thumbnail","hentry"],"_links":{"self":[{"href":"http:\/\/www.gasthoflutz.de\/index.php\/wp-json\/wp\/v2\/pages\/51","targetHints":{"allow":["GET"]}}],"collection":[{"href":"http:\/\/www.gasthoflutz.de\/index.php\/wp-json\/wp\/v2\/pages"}],"about":[{"href":"http:\/\/www.gasthoflutz.de\/index.php\/wp-json\/wp\/v2\/types\/page"}],"author":[{"embeddable":true,"href":"http:\/\/www.gasthoflutz.de\/index.php\/wp-json\/wp\/v2\/users\/1"}],"replies":[{"embeddable":true,"href":"http:\/\/www.gasthoflutz.de\/index.php\/wp-json\/wp\/v2\/comments?post=51"}],"version-history":[{"count":6,"href":"http:\/\/www.gasthoflutz.de\/index.php\/wp-json\/wp\/v2\/pages\/51\/revisions"}],"predecessor-version":[{"id":389,"href":"http:\/\/www.gasthoflutz.de\/index.php\/wp-json\/wp\/v2\/pages\/51\/revisions\/389"}],"wp:featuredmedia":[{"embeddable":true,"href":"http:\/\/www.gasthoflutz.de\/index.php\/wp-json\/wp\/v2\/media\/215"}],"wp:attachment":[{"href":"http:\/\/www.gasthoflutz.de\/index.php\/wp-json\/wp\/v2\/media?parent=51"}],"curies":[{"name":"wp","href":"https:\/\/api.w.org\/{rel}","templated":true}]}}