{"id":56,"date":"2015-10-08T08:31:51","date_gmt":"2015-10-08T07:31:51","guid":{"rendered":"http:\/\/www.gasthoflutz.de\/?page_id=56"},"modified":"2016-03-16T16:38:35","modified_gmt":"2016-03-16T15:38:35","slug":"hotel-2","status":"publish","type":"page","link":"https:\/\/www.gasthoflutz.de\/index.php\/hotel-2\/","title":{"rendered":"Hotel"},"content":{"rendered":"<p>Wir verf\u00fcgen \u00fcber Einzel-, Doppel- und Dreibettzimmer in unterschiedlicher Ausstattung und Preisklasse im Hauptgeb\u00e4ude oder in unserem modernen G\u00e4stehaus. \u00dcbernachtungspreise und Kindererm\u00e4\u00dfigungen erhalten Sie auf Anfrage.<br \/>\nKostenlose Parkm\u00f6glichkeiten gibt es sowohl vor dem Hauptgeb\u00e4ude, als auch vor dem G\u00e4stehaus. Unser G\u00e4stehaus ist auch f\u00fcr Rollstuhlfahrer geeignet.<br \/>\nBesuchen Sie unseren Gasthof Lutz in Giebelstadt im Fr\u00e4nkischen Weinland zwischen W\u00fcrzburg, Bad Mergentheim und Rothenburg ob der Tauber. Wir freuen uns auf Sie.<\/p>\n<p>Die Anreise ist t\u00e4glich m\u00f6glich, Montags\u00a0jedoch nur bis 19\u00a0Uhr nach telefonischer Absprache.<\/p>\n<p><img loading=\"lazy\" decoding=\"async\" class=\"alignnone size-full wp-image-116\" src=\"http:\/\/www.gasthoflutz.de\/wp-content\/uploads\/2015\/10\/Titelfoto.jpg\" alt=\"Luftaufnahme\" width=\"1200\" height=\"796\" srcset=\"https:\/\/www.gasthoflutz.de\/wp-content\/uploads\/2015\/10\/Titelfoto.jpg 1200w, https:\/\/www.gasthoflutz.de\/wp-content\/uploads\/2015\/10\/Titelfoto-300x199.jpg 300w, https:\/\/www.gasthoflutz.de\/wp-content\/uploads\/2015\/10\/Titelfoto-1024x679.jpg 1024w\" sizes=\"auto, (max-width: 1200px) 100vw, 1200px\" \/><\/p>\n","protected":false},"excerpt":{"rendered":"<p>Wir verf\u00fcgen \u00fcber Einzel-, Doppel- und Dreibettzimmer in unterschiedlicher Ausstattung und Preisklasse im Hauptgeb\u00e4ude oder in unserem modernen G\u00e4stehaus. \u00dcbernachtungspreise und Kindererm\u00e4\u00dfigungen erhalten Sie auf Anfrage. Kostenlose Parkm\u00f6glichkeiten gibt es sowohl vor dem Hauptgeb\u00e4ude, als auch vor dem G\u00e4stehaus. Unser<\/p>\n","protected":false},"author":1,"featured_media":213,"parent":0,"menu_order":0,"comment_status":"closed","ping_status":"closed","template":"","meta":{"footnotes":""},"class_list":["post-56","page","type-page","status-publish","has-post-thumbnail","hentry"],"_links":{"self":[{"href":"https:\/\/www.gasthoflutz.de\/index.php\/wp-json\/wp\/v2\/pages\/56","targetHints":{"allow":["GET"]}}],"collection":[{"href":"https:\/\/www.gasthoflutz.de\/index.php\/wp-json\/wp\/v2\/pages"}],"about":[{"href":"https:\/\/www.gasthoflutz.de\/index.php\/wp-json\/wp\/v2\/types\/page"}],"author":[{"embeddable":true,"href":"https:\/\/www.gasthoflutz.de\/index.php\/wp-json\/wp\/v2\/users\/1"}],"replies":[{"embeddable":true,"href":"https:\/\/www.gasthoflutz.de\/index.php\/wp-json\/wp\/v2\/comments?post=56"}],"version-history":[{"count":6,"href":"https:\/\/www.gasthoflutz.de\/index.php\/wp-json\/wp\/v2\/pages\/56\/revisions"}],"predecessor-version":[{"id":248,"href":"https:\/\/www.gasthoflutz.de\/index.php\/wp-json\/wp\/v2\/pages\/56\/revisions\/248"}],"wp:featuredmedia":[{"embeddable":true,"href":"https:\/\/www.gasthoflutz.de\/index.php\/wp-json\/wp\/v2\/media\/213"}],"wp:attachment":[{"href":"https:\/\/www.gasthoflutz.de\/index.php\/wp-json\/wp\/v2\/media?parent=56"}],"curies":[{"name":"wp","href":"https:\/\/api.w.org\/{rel}","templated":true}]}}